{"id":625,"date":"2025-10-21T13:19:48","date_gmt":"2025-10-21T11:19:48","guid":{"rendered":"https:\/\/manaoestudio.com\/?page_id=625"},"modified":"2025-10-21T13:22:53","modified_gmt":"2025-10-21T11:22:53","slug":"elementor-625","status":"publish","type":"page","link":"https:\/\/manaoestudio.com\/index.php\/elementor-625\/","title":{"rendered":"Elementor #625"},"content":{"rendered":"\t\t<div data-elementor-type=\"wp-page\" data-elementor-id=\"625\" class=\"elementor elementor-625\">\n\t\t\t\t\t\t<div class=\"elementor-inner\">\n\t\t\t\t<div class=\"elementor-section-wrap\">\n\t\t\t\t\t\t\t\t\t<section class=\"elementor-section elementor-top-section elementor-element elementor-element-42f65fcd elementor-section-boxed elementor-section-height-default elementor-section-height-default\" data-id=\"42f65fcd\" data-element_type=\"section\">\n\t\t\t\t\t\t<div class=\"elementor-container elementor-column-gap-default\">\n\t\t\t\t\t\t\t<div class=\"elementor-row\">\n\t\t\t\t\t<div class=\"elementor-column elementor-col-66 elementor-top-column elementor-element elementor-element-9defb35\" data-id=\"9defb35\" data-element_type=\"column\">\n\t\t\t<div class=\"elementor-column-wrap elementor-element-populated\">\n\t\t\t\t\t\t\t<div class=\"elementor-widget-wrap\">\n\t\t\t\t\t\t<div class=\"elementor-element elementor-element-808b3b1 elementor-widget elementor-widget-heading\" data-id=\"808b3b1\" data-element_type=\"widget\" data-widget_type=\"heading.default\">\n\t\t\t\t<div class=\"elementor-widget-container\">\n\t\t\t<h2 class=\"elementor-heading-title elementor-size-default\">OBRA M<\/h2>\t\t<\/div>\n\t\t\t\t<\/div>\n\t\t\t\t<div class=\"elementor-element elementor-element-753ea368 elementor-widget elementor-widget-text-editor\" data-id=\"753ea368\" data-element_type=\"widget\" data-widget_type=\"text-editor.default\">\n\t\t\t\t<div class=\"elementor-widget-container\">\n\t\t\t\t\t\t\t\t<div class=\"elementor-text-editor elementor-clearfix\">\n\t\t\t\t<p>El proyecto consisti\u00f3 en la renovaci\u00f3n integral del ba\u00f1o de la habitaci\u00f3n principal, motivada por el deterioro de las instalaciones existentes y la necesidad de adecuar el espacio a las exigencias funcionales y est\u00e9ticas actuales de los propietarios.<\/p><p>En la nueva propuesta de distribuci\u00f3n se elimin\u00f3 la ba\u00f1era original para ampliar la superficie de la ducha, priorizando la accesibilidad y el confort de uso a medio y largo plazo. Este cambio implic\u00f3 una reducci\u00f3n del \u00e1rea destinada al lavabo, pero permiti\u00f3 optimizar la circulaci\u00f3n y mejorar la ergonom\u00eda general del espacio.<\/p><p>Los acabados y materiales seleccionados se definieron en una gama crom\u00e1tica clara, buscando aportar mayor luminosidad y sensaci\u00f3n de amplitud. Esta elecci\u00f3n respond\u00eda tambi\u00e9n a la intenci\u00f3n de contrastar con el ba\u00f1o anterior, revestido en m\u00e1rmol oscuro, logrando as\u00ed un ambiente m\u00e1s contempor\u00e1neo y equilibrado.<\/p><p>El resultado final es un ba\u00f1o funcional, luminoso y de l\u00edneas limpias, adaptado a las necesidades actuales de los usuarios sin renunciar a la est\u00e9tica y la calidad constructiva.<\/p>\t\t\t\t\t<\/div>\n\t\t\t\t\t\t<\/div>\n\t\t\t\t<\/div>\n\t\t\t\t\t\t<\/div>\n\t\t\t\t\t<\/div>\n\t\t<\/div>\n\t\t\t\t<div class=\"elementor-column elementor-col-33 elementor-top-column elementor-element elementor-element-64aa2224\" data-id=\"64aa2224\" data-element_type=\"column\">\n\t\t\t<div class=\"elementor-column-wrap\">\n\t\t\t\t\t\t\t<div class=\"elementor-widget-wrap\">\n\t\t\t\t\t\t\t\t<\/div>\n\t\t\t\t\t<\/div>\n\t\t<\/div>\n\t\t\t\t\t\t\t\t<\/div>\n\t\t\t\t\t<\/div>\n\t\t<\/section>\n\t\t\t\t<section class=\"elementor-section elementor-top-section elementor-element elementor-element-560853b2 elementor-section-boxed elementor-section-height-default elementor-section-height-default\" data-id=\"560853b2\" data-element_type=\"section\">\n\t\t\t\t\t\t<div class=\"elementor-container elementor-column-gap-default\">\n\t\t\t\t\t\t\t<div class=\"elementor-row\">\n\t\t\t\t\t<div class=\"elementor-column elementor-col-100 elementor-top-column elementor-element elementor-element-606b8d04\" data-id=\"606b8d04\" data-element_type=\"column\">\n\t\t\t<div class=\"elementor-column-wrap elementor-element-populated\">\n\t\t\t\t\t\t\t<div class=\"elementor-widget-wrap\">\n\t\t\t\t\t\t<div class=\"elementor-element elementor-element-39c6d650 gallery-spacing-custom elementor-widget elementor-widget-image-gallery\" data-id=\"39c6d650\" data-element_type=\"widget\" data-widget_type=\"image-gallery.default\">\n\t\t\t\t<div class=\"elementor-widget-container\">\n\t\t\t\t\t<div class=\"elementor-image-gallery\">\n\t\t\t<div id='gallery-1' class='gallery galleryid-625 gallery-columns-3 gallery-size-medium_large'><figure class='gallery-item'>\n\t\t\t<div class='gallery-icon portrait'>\n\t\t\t\t<a data-elementor-open-lightbox=\"yes\" data-elementor-lightbox-slideshow=\"39c6d650\" data-elementor-lightbox-title=\"IMG_5519\" e-action-hash=\"#elementor-action%3Aaction%3Dlightbox%26settings%3DeyJpZCI6NjI4LCJ1cmwiOiJodHRwczpcL1wvbWFuYW9lc3R1ZGlvLmNvbVwvd3AtY29udGVudFwvdXBsb2Fkc1wvMjAyNVwvMTBcL0lNR181NTE5LXNjYWxlZC5qcGVnIiwic2xpZGVzaG93IjoiMzljNmQ2NTAifQ%3D%3D\" href='https:\/\/manaoestudio.com\/wp-content\/uploads\/2025\/10\/IMG_5519-scaled.jpeg'><img width=\"768\" height=\"1024\" src=\"https:\/\/manaoestudio.com\/wp-content\/uploads\/2025\/10\/IMG_5519-768x1024.jpeg\" class=\"attachment-medium_large size-medium_large\" alt=\"\" loading=\"lazy\" srcset=\"https:\/\/manaoestudio.com\/wp-content\/uploads\/2025\/10\/IMG_5519-768x1024.jpeg 768w, https:\/\/manaoestudio.com\/wp-content\/uploads\/2025\/10\/IMG_5519-225x300.jpeg 225w, https:\/\/manaoestudio.com\/wp-content\/uploads\/2025\/10\/IMG_5519-1152x1536.jpeg 1152w, https:\/\/manaoestudio.com\/wp-content\/uploads\/2025\/10\/IMG_5519-1536x2048.jpeg 1536w, https:\/\/manaoestudio.com\/wp-content\/uploads\/2025\/10\/IMG_5519-scaled.jpeg 1920w\" sizes=\"(max-width: 768px) 100vw, 768px\" \/><\/a>\n\t\t\t<\/div><\/figure><figure class='gallery-item'>\n\t\t\t<div class='gallery-icon portrait'>\n\t\t\t\t<a data-elementor-open-lightbox=\"yes\" data-elementor-lightbox-slideshow=\"39c6d650\" data-elementor-lightbox-title=\"IMG_5517\" e-action-hash=\"#elementor-action%3Aaction%3Dlightbox%26settings%3DeyJpZCI6NjI5LCJ1cmwiOiJodHRwczpcL1wvbWFuYW9lc3R1ZGlvLmNvbVwvd3AtY29udGVudFwvdXBsb2Fkc1wvMjAyNVwvMTBcL0lNR181NTE3LXNjYWxlZC5qcGVnIiwic2xpZGVzaG93IjoiMzljNmQ2NTAifQ%3D%3D\" href='https:\/\/manaoestudio.com\/wp-content\/uploads\/2025\/10\/IMG_5517-scaled.jpeg'><img width=\"768\" height=\"1024\" src=\"https:\/\/manaoestudio.com\/wp-content\/uploads\/2025\/10\/IMG_5517-768x1024.jpeg\" class=\"attachment-medium_large size-medium_large\" alt=\"\" loading=\"lazy\" srcset=\"https:\/\/manaoestudio.com\/wp-content\/uploads\/2025\/10\/IMG_5517-768x1024.jpeg 768w, https:\/\/manaoestudio.com\/wp-content\/uploads\/2025\/10\/IMG_5517-225x300.jpeg 225w, https:\/\/manaoestudio.com\/wp-content\/uploads\/2025\/10\/IMG_5517-1152x1536.jpeg 1152w, https:\/\/manaoestudio.com\/wp-content\/uploads\/2025\/10\/IMG_5517-1536x2048.jpeg 1536w, https:\/\/manaoestudio.com\/wp-content\/uploads\/2025\/10\/IMG_5517-scaled.jpeg 1920w\" sizes=\"(max-width: 768px) 100vw, 768px\" \/><\/a>\n\t\t\t<\/div><\/figure><figure class='gallery-item'>\n\t\t\t<div class='gallery-icon portrait'>\n\t\t\t\t<a data-elementor-open-lightbox=\"yes\" data-elementor-lightbox-slideshow=\"39c6d650\" data-elementor-lightbox-title=\"IMG_5621\" e-action-hash=\"#elementor-action%3Aaction%3Dlightbox%26settings%3DeyJpZCI6NjMwLCJ1cmwiOiJodHRwczpcL1wvbWFuYW9lc3R1ZGlvLmNvbVwvd3AtY29udGVudFwvdXBsb2Fkc1wvMjAyNVwvMTBcL0lNR181NjIxLXNjYWxlZC5qcGVnIiwic2xpZGVzaG93IjoiMzljNmQ2NTAifQ%3D%3D\" href='https:\/\/manaoestudio.com\/wp-content\/uploads\/2025\/10\/IMG_5621-scaled.jpeg'><img width=\"768\" height=\"1024\" src=\"https:\/\/manaoestudio.com\/wp-content\/uploads\/2025\/10\/IMG_5621-768x1024.jpeg\" class=\"attachment-medium_large size-medium_large\" alt=\"\" loading=\"lazy\" srcset=\"https:\/\/manaoestudio.com\/wp-content\/uploads\/2025\/10\/IMG_5621-768x1024.jpeg 768w, https:\/\/manaoestudio.com\/wp-content\/uploads\/2025\/10\/IMG_5621-225x300.jpeg 225w, https:\/\/manaoestudio.com\/wp-content\/uploads\/2025\/10\/IMG_5621-1152x1536.jpeg 1152w, https:\/\/manaoestudio.com\/wp-content\/uploads\/2025\/10\/IMG_5621-1536x2048.jpeg 1536w, https:\/\/manaoestudio.com\/wp-content\/uploads\/2025\/10\/IMG_5621-scaled.jpeg 1920w\" sizes=\"(max-width: 768px) 100vw, 768px\" \/><\/a>\n\t\t\t<\/div><\/figure><figure class='gallery-item'>\n\t\t\t<div class='gallery-icon portrait'>\n\t\t\t\t<a data-elementor-open-lightbox=\"yes\" data-elementor-lightbox-slideshow=\"39c6d650\" data-elementor-lightbox-title=\"IMG_5623\" e-action-hash=\"#elementor-action%3Aaction%3Dlightbox%26settings%3DeyJpZCI6NjMxLCJ1cmwiOiJodHRwczpcL1wvbWFuYW9lc3R1ZGlvLmNvbVwvd3AtY29udGVudFwvdXBsb2Fkc1wvMjAyNVwvMTBcL0lNR181NjIzLXNjYWxlZC5qcGVnIiwic2xpZGVzaG93IjoiMzljNmQ2NTAifQ%3D%3D\" href='https:\/\/manaoestudio.com\/wp-content\/uploads\/2025\/10\/IMG_5623-scaled.jpeg'><img width=\"768\" height=\"1024\" src=\"https:\/\/manaoestudio.com\/wp-content\/uploads\/2025\/10\/IMG_5623-768x1024.jpeg\" class=\"attachment-medium_large size-medium_large\" alt=\"\" loading=\"lazy\" srcset=\"https:\/\/manaoestudio.com\/wp-content\/uploads\/2025\/10\/IMG_5623-768x1024.jpeg 768w, https:\/\/manaoestudio.com\/wp-content\/uploads\/2025\/10\/IMG_5623-225x300.jpeg 225w, https:\/\/manaoestudio.com\/wp-content\/uploads\/2025\/10\/IMG_5623-1152x1536.jpeg 1152w, https:\/\/manaoestudio.com\/wp-content\/uploads\/2025\/10\/IMG_5623-1536x2048.jpeg 1536w, https:\/\/manaoestudio.com\/wp-content\/uploads\/2025\/10\/IMG_5623-scaled.jpeg 1920w\" sizes=\"(max-width: 768px) 100vw, 768px\" \/><\/a>\n\t\t\t<\/div><\/figure><figure class='gallery-item'>\n\t\t\t<div class='gallery-icon portrait'>\n\t\t\t\t<a data-elementor-open-lightbox=\"yes\" data-elementor-lightbox-slideshow=\"39c6d650\" data-elementor-lightbox-title=\"IMG_6241\" e-action-hash=\"#elementor-action%3Aaction%3Dlightbox%26settings%3DeyJpZCI6NjMyLCJ1cmwiOiJodHRwczpcL1wvbWFuYW9lc3R1ZGlvLmNvbVwvd3AtY29udGVudFwvdXBsb2Fkc1wvMjAyNVwvMTBcL0lNR182MjQxLXNjYWxlZC5qcGVnIiwic2xpZGVzaG93IjoiMzljNmQ2NTAifQ%3D%3D\" href='https:\/\/manaoestudio.com\/wp-content\/uploads\/2025\/10\/IMG_6241-scaled.jpeg'><img width=\"768\" height=\"1024\" src=\"https:\/\/manaoestudio.com\/wp-content\/uploads\/2025\/10\/IMG_6241-768x1024.jpeg\" class=\"attachment-medium_large size-medium_large\" alt=\"\" loading=\"lazy\" srcset=\"https:\/\/manaoestudio.com\/wp-content\/uploads\/2025\/10\/IMG_6241-768x1024.jpeg 768w, https:\/\/manaoestudio.com\/wp-content\/uploads\/2025\/10\/IMG_6241-225x300.jpeg 225w, https:\/\/manaoestudio.com\/wp-content\/uploads\/2025\/10\/IMG_6241-1152x1536.jpeg 1152w, https:\/\/manaoestudio.com\/wp-content\/uploads\/2025\/10\/IMG_6241-1536x2048.jpeg 1536w, https:\/\/manaoestudio.com\/wp-content\/uploads\/2025\/10\/IMG_6241-scaled.jpeg 1920w\" sizes=\"(max-width: 768px) 100vw, 768px\" \/><\/a>\n\t\t\t<\/div><\/figure><figure class='gallery-item'>\n\t\t\t<div class='gallery-icon portrait'>\n\t\t\t\t<a data-elementor-open-lightbox=\"yes\" data-elementor-lightbox-slideshow=\"39c6d650\" data-elementor-lightbox-title=\"18.05_ER+cotas\" e-action-hash=\"#elementor-action%3Aaction%3Dlightbox%26settings%3DeyJpZCI6NjMzLCJ1cmwiOiJodHRwczpcL1wvbWFuYW9lc3R1ZGlvLmNvbVwvd3AtY29udGVudFwvdXBsb2Fkc1wvMjAyNVwvMTBcLzE4LjA1X0VSY290YXMucG5nIiwic2xpZGVzaG93IjoiMzljNmQ2NTAifQ%3D%3D\" href='https:\/\/manaoestudio.com\/wp-content\/uploads\/2025\/10\/18.05_ERcotas.png'><img width=\"768\" height=\"886\" src=\"https:\/\/manaoestudio.com\/wp-content\/uploads\/2025\/10\/18.05_ERcotas-768x886.png\" class=\"attachment-medium_large size-medium_large\" alt=\"\" loading=\"lazy\" srcset=\"https:\/\/manaoestudio.com\/wp-content\/uploads\/2025\/10\/18.05_ERcotas-768x886.png 768w, https:\/\/manaoestudio.com\/wp-content\/uploads\/2025\/10\/18.05_ERcotas-260x300.png 260w, https:\/\/manaoestudio.com\/wp-content\/uploads\/2025\/10\/18.05_ERcotas-888x1024.png 888w, https:\/\/manaoestudio.com\/wp-content\/uploads\/2025\/10\/18.05_ERcotas-1332x1536.png 1332w, https:\/\/manaoestudio.com\/wp-content\/uploads\/2025\/10\/18.05_ERcotas.png 1479w\" sizes=\"(max-width: 768px) 100vw, 768px\" \/><\/a>\n\t\t\t<\/div><\/figure>\n\t\t<\/div>\n\t\t<\/div>\n\t\t\t\t<\/div>\n\t\t\t\t<\/div>\n\t\t\t\t\t\t<\/div>\n\t\t\t\t\t<\/div>\n\t\t<\/div>\n\t\t\t\t\t\t\t\t<\/div>\n\t\t\t\t\t<\/div>\n\t\t<\/section>\n\t\t\t\t\t\t\t\t\t<\/div>\n\t\t\t<\/div>\n\t\t\t\t\t<\/div>\n\t\t","protected":false},"excerpt":{"rendered":"<p>OBRA M El proyecto consisti\u00f3 en la renovaci\u00f3n integral del ba\u00f1o de la habitaci\u00f3n principal, motivada por el deterioro de las instalaciones existentes y la necesidad de adecuar el espacio a las exigencias funcionales y est\u00e9ticas actuales de los propietarios. En la nueva propuesta de distribuci\u00f3n se elimin\u00f3 la ba\u00f1era original para ampliar la superficie [&hellip;]<\/p>\n","protected":false},"author":2,"featured_media":626,"parent":0,"menu_order":0,"comment_status":"closed","ping_status":"closed","template":"","meta":[],"_links":{"self":[{"href":"https:\/\/manaoestudio.com\/index.php\/wp-json\/wp\/v2\/pages\/625"}],"collection":[{"href":"https:\/\/manaoestudio.com\/index.php\/wp-json\/wp\/v2\/pages"}],"about":[{"href":"https:\/\/manaoestudio.com\/index.php\/wp-json\/wp\/v2\/types\/page"}],"author":[{"embeddable":true,"href":"https:\/\/manaoestudio.com\/index.php\/wp-json\/wp\/v2\/users\/2"}],"replies":[{"embeddable":true,"href":"https:\/\/manaoestudio.com\/index.php\/wp-json\/wp\/v2\/comments?post=625"}],"version-history":[{"count":4,"href":"https:\/\/manaoestudio.com\/index.php\/wp-json\/wp\/v2\/pages\/625\/revisions"}],"predecessor-version":[{"id":643,"href":"https:\/\/manaoestudio.com\/index.php\/wp-json\/wp\/v2\/pages\/625\/revisions\/643"}],"wp:featuredmedia":[{"embeddable":true,"href":"https:\/\/manaoestudio.com\/index.php\/wp-json\/wp\/v2\/media\/626"}],"wp:attachment":[{"href":"https:\/\/manaoestudio.com\/index.php\/wp-json\/wp\/v2\/media?parent=625"}],"curies":[{"name":"wp","href":"https:\/\/api.w.org\/{rel}","templated":true}]}}